 = 13*p + 3*n + 2006. Let l = 890 + p. List the prime factors of l.
2, 3, 5, 13
Let m(p) = 22*p + 27. Let h be m(-3). Let s(j) = -2*j**2 - 4*j. Let f be s(-3). List the prime factors of h/f*2*(5 + 2).
7, 13
Suppose 5*u + 4*h - 2547 = h, -3*u - 5*h = -1541. Let l = u + -175. List the prime factors of l.
2, 83
Suppose 3*r + 5*d - 293 = -0*d, 333 = 3*r - 3*d. Suppose -5*i + 922 = -3*b, -2*i - b = i - 542. Suppose 3*j = i + r. List the prime factors of j.
2, 3
Let g(t) = -11*t**3 - 985*t**2 + 110*t - 126. List the prime factors of g(-90).
2, 3, 1693
Let u(s) = 3*s**3 + 5*s**2 + 35*s - 22. Let z(a) = -2*a**3 - 7*a**2 - 34*a + 23. Let m(l) = -3*u(l) - 4*z(l). List the prime factors of m(13).
13, 29
Let y(v) = 1976*v + 642. What are the prime factors of y(2)?
2, 2297
Let x(p) = 5*p**2 - 3*p + 0*p + 8 + 0*p - 8*p**2. Let h be x(6). Let r = h + 188. List the prime factors of r.
2, 5, 7
Suppose b - 2733 = -q, 658*b - 2748 = -q + 662*b. List the prime factors of q.
2, 3, 19
Let m(r) = -564*r + 2649. List the prime factors of m(-9).
3, 5, 103
Let u be (-16)/30*-3 - (-4)/10. Let t(a) = 3 + 6*a**3 + a - 14*a**3 - 1 + 12*a**u + 7*a**3. What are the prime factors of t(11)?
2, 67
Let o(r) = r**3 - 14*r**2 - r + 19. Suppose -3*c = -7*c + 56. Let f be o(c). List the prime factors of (20/f - 8) + 37.
3, 11
Suppose 0 = 9*y + 371 - 2459. Suppose 0 = -3*m + 21 + 12. Suppose -m - 47 = -t + g, -4*t + y = 5*g. What are the prime factors of t?
2, 29
Suppose -11281 + 34425 + 78551 = 11*i. What are the prime factors of i?
5, 43
Let h be (-32)/(-20)*(-15)/(-30) - (-414)/(-5). Suppose 1500 = 3*t + 453. Let o = h + t. What are the prime factors of o?
3, 89
Suppose 6 - 54 = -4*r. Suppose -10412 = -r*m + 4648. List the prime factors of m.
5, 251
Let l(d) be the third derivative of 7*d**4/24 - 2*d**3 + 29*d**2. Let h be l(12). Let y = 52 + h. What are the prime factors of y?
2, 31
Let z = 278 + -240. Let g = 38 + -17. Let t = z - g. What are the prime factors of t?
17
Let d(c) = -729*c - 8895. List the prime factors of d(-94).
3, 11, 13, 139
Suppose -23*f + 5931 + 1222 = 0. Suppose -f = -b + q, q = 5*b - 1391 - 148. List the prime factors of b.
307
Suppose -9*o + 1441 = -764. Suppose 6*n + o = 11*n. Suppose 47*l = n*l - 316. What are the prime factors of l?
2, 79
What are the prime factors of (-1312 - 2)*162/(-162)*26/3?
2, 3, 13, 73
Suppose 106*t + o = 107*t - 21064, -5*t - o + 105278 = 0. List the prime factors of t.
3, 7019
Let c(h) = h. Let y(i) = -8*i - 14. Suppose 0*s + 1 = s. Let u(o) = s*y(o) - 4*c(o). What are the prime factors of u(-4)?
2, 17
Let g(h) be the second derivative of -h**4/12 - 13*h**3/6 + 17*h**2 - 10*h - 3. What are the prime factors of g(-15)?
2
Let s = 66 - 65. What are the prime factors of -3*(2 - s) - (-447 - 25)?
7, 67
Let n(z) = 17*z + 1. Let w be n(1). Let y(v) = 57*v**3 + v**2 - v. Let g be y(1). Let p = w + g. List the prime factors of p.
3, 5
Suppose -19*w + 1834 = -2745. Let h = w + 974. What are the prime factors of h?
3, 5
Let l(k) = -26 + 4 + 3*k**2 - 4*k - k**2. List the prime factors of l(-14).
2, 3, 71
Suppose -5*x + 2838 = -352. Suppose -r + s + 614 = -2*s, 0 = r + 5*s - x. What are the prime factors of r?
7, 89
Let l be (-3)/(1/(350/(-6))). What are the prime factors of 5033*-10*(-5)/l?
2, 719
Suppose 3*o = 2*o - 5, -5*o - 25 = 4*s. Suppose -6*n + 201 + 27 = s. Suppose -n*m + 145 = -33*m. List the prime factors of m.
29
Suppose y = -0*y + 3. Let j(a) be the second derivative of 11*a**4/12 - a**3/3 + 2*a**2 - 11*a + 130. List the prime factors of j(y).
97
Let c be (-8)/((0 - 5) + 9 + -3). List the prime factors of (c + 6 - 309)/(-1).
311
Let r = -105 + -32. Suppose -5*o + o = -4*b + 408, 3*b - 209 = 2*o. Let w = o - r. What are the prime factors of w?
2, 5
Let t(a) = -a**3 + 10*a**2 + 7. Let z = 63 + -58. Let f be t(z). What are the prime factors of (24/(-6) + 6)*f?
2, 3, 11
Suppose 29*k - 54*k + 253175 = 0. List the prime factors of k.
13, 19, 41
Let d(p) = -4*p**3 - 19*p**2 - 10*p + 11. Let x(o) = -2*o**3 - 10*o**2 - 5*o + 7. Let q(a) = -4*d(a) + 7*x(a). What are the prime factors of q(6)?
683
What are the prime factors of 6 - 1 - (-17)/((-306)/(-283500))?
5, 23, 137
Suppose -5*h - 30 = -10*h. List the prime factors of 8/(-6)*h/4 + 156.
2, 7, 11
Let n(j) = j**3 + 15*j**2 - 16*j + 12. Let f be n(-16). List the prime factors of (3/9 - 3)*(-54)/f.
2, 3
Suppose -70*x + 980821 - 16291 = 0. List the prime factors of x.
3, 1531
Let o be (-13)/(-3) - (-7)/(-21). Let h = 77 + -77. Suppose -o*v + 20 + 36 = h. What are the prime factors of v?
2, 7
Let n(c) = 5*c**2 + 1. Let y be n(1). Suppose 3*o - 5 = 3*g + 13, -2*o - 4*g = y. List the prime factors of 6/(-18) + 1 + 205/o.
3, 23
Let j(i) = -2*i + 4. Let l be j(-22). What are the prime factors of (1 - 8)*(l/(-4) + -203)?
5, 7, 43
Let g = -173 + 174. Let w = g - -18. What are the prime factors of w?
19
Suppose 5*s - z + 958 = 31595, -2*z + 18390 = 3*s. List the prime factors of s.
2, 383
Let k = -3572 - -4978. List the prime factors of k.
2, 19, 37
Suppose 4*x - 90594 = -2*s, -23*s + 25*s - 45296 = -2*x. What are the prime factors of x?
11, 29, 71
Let j(y) be the first derivative of 4*y**3/3 - 10*y**2 - 26*y - 52. List the prime factors of j(16).
2, 3, 113
Let c = 29488 + 8815. What are the prime factors of c?
38303
Suppose 7*t - 1488 = -17882. Let o = -362 - t. What are the prime factors of o?
2, 3, 5, 11
Let k = 11 - -1. Let r be 148*((-9)/k + 1). Let l = 16 + r. List the prime factors of l.
53
Suppose 88*n = 49334 - 5862. What are the prime factors of n?
2, 13, 19
Suppose -3*p - 3 = -6, 5*s - p = -56. Let o(j) be the third derivative of j**5/60 - 3*j**4/8 + j**3 + 3*j**2 + 5*j. What are the prime factors of o(s)?
2, 113
Suppose 0 = -3*b + a + 16, -2*a = b - 15 - 2. Suppose r - 5*z - 378 = 0, 3*r = 9*z - b*z + 1134. What are the prime factors of r?
2, 3, 7
Let z(w) = w**3 + 8*w**2 + 14*w + 15. Let g be z(-6). Suppose -3*h + 4*f + 23 = 0, -g*f - 26 = -5*h + h. Suppose -58 + 548 = h*p. List the prime factors of p.
2, 7
Suppose 7*b - 27934 = -p, 4*b + 39182 = p + 11226. What are the prime factors of p?
2, 3, 17, 137
Let h = -205 + 188. What are the prime factors of ((-255)/(-5))/((-3)/h)?
17
Suppose g + g = 5*n + 2188, -g - 5*n = -1094. Suppose 3*h - g = -4*c, -2*h - 241 = -2*c + 313. What are the prime factors of c?
5, 11
Let p = 120 + -116. Suppose o + p*o = u + 789, -u + 791 = 5*o. Suppose -o - 132 = -10*r. What are the prime factors of r?
29
Suppose 83*l - 75*l - 3096 = 0. Suppose 6*b - l - 1953 = 0. List the prime factors of b.
2, 3, 5, 13
List the prime factors of 1/(2 + 45/(-20)) - (-7682)/1.
2, 11, 349
Let d = -500 - -1028. Let a = -42 + d. Suppose -a = -5*o + 824. List the prime factors of o.
2, 131
Let r = -4212 + 8027. List the prime factors of r.
5, 7, 109
Let n(p) = 66*p**2 - 31*p - 423. What are the prime factors of n(-16)?
71, 239
Suppose -22*b - 10*b + 193600 = 0. What are the prime factors of b?
2, 5, 11
Let n(a) = 4*a**2 + 31*a - 856. List the prime factors of n(26).
2, 1327
Let i(l) = 9*l**2 + 4*l**2 + 2 - 8*l - 11*l**2 + 3. Let f be i(4). Let a(j) = 5*j**2 - j + 2. What are the prime factors of a(f)?
2, 61
Suppose f - 1 = -4, 11 = -i - 5*f. Let y = 735 - 733. Suppose 0 = i*g + y*g - 270. What are the prime factors of g?
3, 5
Let s be (-2)/21 - (-725255)/1533. Let t be 2 + (2 - -2 - 2). Suppose -5*l = -4*f + s, -t*f - 4*l + 503 = l. List the prime factors of f.
2, 61
Let j(t) = -3*t**3 - 13*t**2 + 32*t + 637. What are the prime factors of j(-17)?
5, 443
Suppose 491*u = 550*u - 462029. List the prime factors of u.
41, 191
Let w = -8375 + 35488. List the prime factors of w.
19, 1427
Suppose -4*k + 2*x + 38 = 0, 0 = 3*k + 3*x - 50 - 1. Suppose -k*s + 7*s - 30 = 0. Let b(w) = w**3 + 8*w**2 + 10*w + 19. What are the prime factors of b(s)?
31
Let d(h) = 110*h + 25. Let m be d(7). Suppose 0 = j + 5*z - m, -9*j + z = -6*j - 2369. List the prime factors of j.
2, 5, 79
Suppose 0 = -5*v, -2*y + v + 88 = -4*v. Let n be (-11)/y + 453/4. Let s = 280 - n. What are the prime factors of s?
167
Suppose -k - 4*f + 798 = 0, f = -4*k - 337 + 3454. Let a = 2 + k. What are the prime factors of a?
2, 3, 5, 13
Let o be ((-9)/6)/(1/(-2)). Let i be 14 + ((-36)/1)/6. Suppose -4*d = -5*r + 227, -d = i*